93680
What is -4011400 (base 6) in base 8?
-557570
10123000011 (base 4) to base 8
4330005
-10e45d (base 15) to base 6
-25150541
Convert -587595 (base 12) to base 4.
-11123122001
What is -68654 (base 9) in base 2?
-1011001010100101
Convert 49738 (base 12) to base 13.
36407
What is -af9002 (base 16) in base 11?
-6549417
What is 354c5 (base 13) in base 6?
2031225
What is -1303443 (base 6) in base 12?
-34b83
Convert -51b32 (base 12) to base 14.
-2b010
-134566 (base 9) to base 8
-240301
What is -310124 (base 7) in base 14?
-153bb
1662244 (base 11) to base 16
2b2979
-26318 (base 14) to base 15
-1cc56
-17a12 (base 13) to base 12
-224b9
Convert -10011010001101101110 (base 2) to base 6.
-21312210
1303502 (base 6) to base 15
15eae
Convert -1110110101111111111 (base 2) to base 5.
-111031044
-435144 (base 7) to base 8
-224703
-43445231 (base 8) to base 13
-1c1669a
Convert -111501113 (base 6) to base 8.
-7632645
-204132131 (base 5) to base 14
-1815bb
-120022201102001 (base 3) to base 5
-4041040403
318a92 (base 11) to base 16
7c739
What is -2ce69 (base 16) in base 9?
-310247
What is 31a0a34 (base 11) in base 3?
101120200211202
Convert 11102020220 (base 3) to base 11.
5a354
2636b (base 16) to base 15
3159d
What is -208489 (base 10) in base 2?
-110010111001101001
What is -642577 (base 8) in base 5?
-23330044
What is -23372171 (base 8) in base 7?
-61265425
Convert -20160405 (base 7) to base 9.
-3137420
-141702 (base 13) to base 4
-1313113113
What is 134322152 (base 6) in base 16?
29b1b4
Convert -1120220020021 (base 3) to base 10.
-844351
What is 112721 (base 9) in base 11?
46914
What is 59338a (base 12) in base 4?
11132231122
Convert -13320 (base 6) to base 5.
-31224
32655777 (base 8) to base 14
d12167
Convert -2504225 (base 6) to base 10.
-133145
-22ab2 (base 12) to base 16
-b5a6
Convert -1653670 (base 8) to base 10.
-481208
What is -111000101000100101 (base 2) in base 15?
-48aed
-40462 (base 11) to base 2
-1110011011101100
-20121011111 (base 3) to base 8
-375533
Convert -432333523 (base 6) to base 15.
-a1a6b3
23333220 (base 4) to base 16
bfe8
-600460 (base 7) to base 11
-69a41
What is -2300401022 (base 5) in base 16?
-4dadca
15431 (base 10) to base 14
58a3
What is -1040200 (base 5) in base 15?
-55ba
What is -20201212001 (base 3) in base 6?
-2501431
-2e6241 (base 15) to base 9
-4206027
What is 1855a (base 16) in base 6?
2045242
3a069 (base 12) to base 5
10021234
Convert -e056 (base 16) to base 6.
-1121514
-3782b (base 13) to base 2
-11001000000110011
30123 (base 13) to base 6
1501333
112111021212 (base 3) to base 14
75d51
What is -264136 (base 9) in base 15?
-32849
What is -690c4 (base 13) in base 10?
-191299
14ee0d (base 16) to base 4
11032320031
Convert 743845 (base 9) to base 6.
13252235
What is -13351566 (base 8) in base 3?
-12122120200122
11221210212122 (base 3) to base 10
2633786
-141664a (base 11) to base 15
-332ab7
What is 1143360 (base 8) in base 11?
1a4241
-10302102320 (base 4) to base 10
-1254584
Convert 52016563 (base 7) to base 9.
8171647
30335 (base 7) to base 9
11105
What is 2444340 (base 6) in base 8?
377044
Convert 3155434 (base 6) to base 3.
21220021011
-21132213 (base 5) to base 7
-1335366
What is -1962a6a (base 12) in base 2?
-10100011011010101110010
Convert 19525 (base 14) to base 13.
23259
Convert 122102202201 (base 3) to base 14.
8d0d7
Convert -11120112200110 (base 3) to base 2.
-1001010001101011100001
-10012003 (base 5) to base 13
-29c62
What is -c70835 (base 14) in base 9?
-13578142
What is 606522 (base 7) in base 5?
11300121
Convert -1100332203 (base 5) to base 13.
-646092
What is -54104402 (base 7) in base 5?
-2134403223
-4cc378 (base 13) to base 8
-7046632
Convert 4002045 (base 6) to base 3.
100111122002
What is -111110011000110111 (base 2) in base 12?
-103a73
10001011110100010001 (base 2) to base 12
237501
Convert 4876644 (base 9) to base 6.
132435451
431112421 (base 5) to base 6
102534123
Convert -1562515 (base 8) to base 13.
-12a90b
What is 464332 (base 10) in base 6?
13541404
Convert -6a6b1 (base 16) to base 9.
-733831
-1970007 (base 12) to base 14
-9db327
Convert 104432 (base 12) to base 11.
165673
What is -1b490 (base 12) in base 5?
-2243203
445c8 (base 13) to base 15
26b46
What is 5625037 (base 8) in base 4?
11302220133
-11719 (base 16) to base 14
-1c077
Convert 3351305 (base 10) to base 7.
40325366
What is -2632895 (base 10) in base 5?
-1133223040
467bb (base 12) to base 3
11210120122
What is -11011111101111001001 (base 2) in base 4?
-3133233021
Convert -1304402 (base 6) to base 10.
-70994
What is -32146014 (base 7) in base 9?
-5126810
Convert 12344143 (base 5) to base 10.
121798
What is 652a6 (base 12) in base 3?
20210002100
Convert -4462579 (base 11) to base 8.
-35654517
-436a93a (base 11) to base 2
-11101010000111110000101
96cab (base 16) to base 5
124231033
Convert -33a439 (base 12) to base 3.
-1112222220000
Convert 3632687 (base 10) to base 5.
1412221222
Convert -4042353 (base 7) to base 16.
-7572f
100a37 (base 11) to base 10
162301
What is 30133003211 (base 4) in base 12?
111a085
What is 1012240040 (base 5) in base 15?
2ada9a
Convert -2316507 (base 8) to base 3.
-1012000022120
Convert 24531765 (base 8) to base 14.
a11325
Convert -1089286 (base 10) to base 7.
-12154522
What is 3564223 (base 7) in base 11?
28a285
What is -4231434 (base 5) in base 9?
-117183
What is -3e61 (base 16) in base 5?
-1002334
Convert -64d359 (base 16) to base 14.
-c400ad
What is -214340143 (base 5) in base 6?
-32003050
Convert -b2286 (base 15) to base 9.
-1048840
9753677 (base 10) to base 12
33245a5
Convert 370a0 (base 13) to base 6.
2100252
Convert -11a7762 (base 14) to base 8.
-40243172
What is 73aed2 (base 15) in base 2?
10100111111111001010101
Convert 1350b7 (base 13) to base 9.
783113
What is -110101111011011010100 (base 2) in base 5?
-423021444
Convert 141466 (base 10) to base 7.
1126303
What is 6b9c27 (base 13) in base 14?
4aa45d
What is 1ba15a (base 16) in base 6?
102451122
-465946 (base 11) to base 16
-b4a04
What is 35324303 (base 7) in base 4?
23320221203
10011100101100011 (base 2) to base 13
2a694
Convert -250840 (base 10) to base 3.
-110202002101
da5bea (base 15) to base 3
201120020221211
415481 (base 16) to base 5
2044001343
566500 (base 7) to base 16
18988
What is 126488 (base 15) in base 3?
1122210202002
-12660 (base 12) to base 16
-6228
What is -645277 (base 9) in base 14?
-a0143
What is 9b401 (base 15) in base 12?
1b9817
What is -253e2f (base 16) in base 8?
-11237057
What is -14510405 (base 6) in base 10?
-506885
What is 12140104 (base 5) in base 14?
2dcc5
-20101220201 (base 3) to base 5
-13013210
-368676 (base 10) to base 6
-11522500
Convert -47b84 (base 13) to base 15.
-28eca
-31437 (base 14) to base 5
-12300300
What is 2236355 (base 8) in base 6?
20550513
What is 58d590 (base 14) in base 3?
12201002210201
What is 187ecc (base 15) in base 10?
1191342
-633333 (base 7) to base 2
-11010101010111101
3fb75b (base 16) to base 6
225255551
What is dc12d3 (base 15) in base 9?
21647460
What is 393d3 (base 14) in base 8?
422655
Convert -3432885 (base 11) to base 9.
-12264365
Convert 16b953 (base 12) to base 4.
1200012033
Convert -15557 (base 16) to base 5.
-10244013
What is -4272734 (base 8) in base 4?
-10113113130
Convert 3664344 (base 7) to base 2.
1110010101011110010
What is -b1c0 (base 14) in base 8?
-73524
Convert 142114001 (base 5) to base 15.
e8cbb
What is 1021868 (base 11) in base 12?
72b640
What is 131110312 (base 4) in base 7?
1010125
Convert -3cc79 (base 16) to base 8.
-746171
What is -113302222123 (base 4) in base 9?
-12655277
Convert -54260 (base 12) to base 6.
-2213400
What is 101000012010 (base 3) in base 2?
110000000101101000
Convert 4100a2 (base 11) to base 15.
d03a7
Convert -50317657 (base 8) to base 10.
-10592175
1200020321 (base 4) to base 10
393785
What is -50253300 (base 8) in base 7?
-155605354
Convert 7633b (base 13) to base 8.
641242
300311240 (base 5) to base 15
18539a
What is -10611 (base 12) in base 14?
-7c3b
-2154550 (base 7) to base 3
-111111120001
Convert 20201010200 (base 3) to base 4.
200033100
Convert 141201515 (base 7) to base 15.
c1e20b
5237ec (base 15) to base 6
215450023
Convert 67501 (base 9) to base 4.
22331023
Convert -3c5197 (base 13) to base 15.
-1dede4
12b2634 (base 12) to base 6
211352104